.
5
Let o be 332/11 + 20/(-110). Suppose 5*i - 10 = -5*x, 0 = 3*x - 4*x + 5*i + 2. Suppose 36 = x*a + a. Calculate the greatest common factor of o and a.
6
Let q be (-45 + 47)/(((-1)/(-8))/(-1)). Let g = q - -21. Suppose n + 2*u - 6 = 0, n + u = -3*u + 10. Calculate the greatest common factor of n and g.
1
Suppose -d - 269 = -3*s, -3*d = -2*s + 118 + 59. Suppose -2*h - 1080 = -32*h. Calculate the greatest common divisor of h and s.
18
Let f be 6*8/(240/95). What is the highest common divisor of f and 1843?
19
Let z(v) = v**2 + 13*v + 10. Let a = -9 + -4. Let n be z(a). Calculate the highest common factor of 25 and n.
5
Let d = -17 - -11. Let m = 19 + d. Suppose -m + 3 = -5*q. What is the highest common divisor of q and 2?
2
Let t(u) = -u**3 - 38*u**2 - 16*u + 41. Let a be t(-38). Calculate the greatest common divisor of 11 and a.
11
Let m(d) = -d**2 - d - 1. Let v(y) = y**3 - 5*y**2 + 4*y + 7. Let n(h) = -5*m(h) - v(h). Let g be n(7). Calculate the greatest common divisor of 19 and g.
19
Suppose 4*j = -6 - 2. Let g = 30 + j. Let d = 23 - 16. Calculate the highest common divisor of g and d.
7
Suppose v + 10 + 28 = 2*n, -n - v + 25 = 0. What is the highest common divisor of 609 and n?
21
Let j(x) = -x**2 - x + 28. Let y be j(0). Let n(o) = 8*o**2 - 16. Let f be n(-4). Calculate the highest common divisor of f and y.
28
Suppose 5*s - 5*j = 265, j = 3*s + 37 - 194. Suppose -6*m - s = -304. What is the highest common divisor of m and 336?
42
Suppose 272 = 2*t - 8*s + 13*s, -5*t + s + 626 = 0. Calculate the greatest common factor of t and 567.
63
Suppose 0 = -5*n - 16 + 31. Let b be 5 + n + (-4 - 0). Suppose 0 = -b*r + 193 + 127. Calculate the highest common factor of r and 16.
16
Let c(n) = -n**3 - 5*n**2 - 9*n - 10. Suppose 0 = 2*o + 9 + 1. Let y be c(o). Calculate the highest common factor of y and 14.
7
Suppose 4*m - 5*b - 29 = 0, 5*m + 5*b - 109 = -39. Suppose 7*g - m*g = -180. Let j = 58 - 28. What is the highest common factor of j and g?
15
Suppose 3*w - 4*j + 276 - 324 = 0, 57 = 5*w + j. Suppose -4*p - t - 4*t = -437, -2*t = -2*p + 214. What is the greatest common factor of w and p?
12
Suppose -5 = -g, 2*l + 5*g - 45 + 6 = 0. What is the highest common factor of l and 14?
7
Let v = 269 - 209. Calculate the highest common factor of 60 and v.
60
Let n = -151 - -212. Let j = -22 + n. Let u(m) = -25*m + 1. Let p be u(-1). What is the highest common factor of j and p?
13
Suppose a = -r + 2, -r + 3*a + 26 = 4*r. Suppose r*z - 10 = 2*z. Calculate the greatest common divisor of 5 and z.
5
Let n = -144 - -159. What is the greatest common factor of n and 6?
3
Let y = 140 + -19. Let v = 146 - y. What is the greatest common factor of 20 and v?
5
Let n = 161 - 109. Calculate the highest common factor of 26 and n.
26
Let v be (-7808)/(-16) - (-7)/(-1). What is the greatest common divisor of 37 and v?
37
Suppose -42 = 16*g - 106. Calculate the highest common divisor of g and 4.
4
Suppose -9 - 39 = 6*o. Let w be (-209)/(-44) - (-6)/o. Suppose -4*g - g = 2*b - 12, -2*g + w = 0. What is the greatest common divisor of 5 and b?
1
Suppose 5*c - c - 191 = -5*m, -93 = -2*c - 3*m. What is the highest common factor of c and 783?
27
Let c be (-3)/(-1) + (-10 - -53). Let t = c + -45. Let g = -1 - -2. Calculate the highest common factor of g and t.
1
Let n = -1298 + 1339. Calculate the greatest common factor of n and 697.
41
Let d = -1773 - -1877. Calculate the highest common factor of 1196 and d.
52
Let q(o) = 3*o + 6. Let b be q(27). Calculate the highest common factor of b and 290.
29
Let i be (-7 + -1)*(-26)/(-4). Let k = -76 - i. Let j be ((-40)/k)/((-2)/(-6)). What is the highest common divisor of j and 5?
5
Let y = -5 - -10. Let h = 9 - y. Suppose q + 109 = h*b, -b = b - 2*q - 50. What is the highest common divisor of 70 and b?
14
Let m be ((-1218)/28)/((-1)/2). Calculate the greatest common divisor of 957 and m.
87
Let q be (1 + 5)*7/14. Suppose c - 3 - q = 0. What is the greatest common factor of c and 3?
3
Let g = -25 - -31. Calculate the greatest common factor of g and 21.
3
Suppose 73*n - 96*n + 232 = -274. Let l = 116 - 61. Calculate the greatest common factor of l and n.
11
Suppose -1 = 2*n - 61. Suppose -4*f + o + 283 = 0, 0 = -f + 5*o + n + 17. What is the greatest common divisor of f and 8?
8
Let j be (-4)/((-2)/48*3). Let q be (j/6 + 0)*3. Suppose -q = -2*r + 2*o, 5*o + 4 - 20 = -2*r. Calculate the highest common divisor of 88 and r.
8
Let u be -3 + 1*(-2 - -5). Suppose -7*h + 11*h - 104 = u. Let t = 161 + 47. What is the highest common divisor of h and t?
26
Let m be (-2 - -4) + (-3 - -1). Suppose 4*v - 128 = -m*v. Calculate the highest common divisor of v and 8.
8
Suppose 23 = 5*u - 32. Suppose -2*a = -6*a + 108. Suppose -6 = -3*t + a. What is the highest common factor of u and t?
11
Suppose 5*v - v = -5*g + 176, -2*v + 104 = 3*g. What is the greatest common factor of 80 and g?
16
Let n be (-1 - -4)*(-325)/(-75). What is the greatest common divisor of n and 481?
13
Let v be (8 - 8) + (1 - -1). Suppose 3*b = -v*k + 262, 2*b + k - 4*k = 153. What is the greatest common factor of b and 12?
12
Let a = -99 + 105. Let f be 3 - (a/(-8) - (-489)/(-4)). What is the greatest common factor of 84 and f?
42
Let u(k) = -k**3 + 4*k**2 + 23*k - 7. Suppose -5*c = -c - 28. Let a be u(c). Calculate the highest common factor of 77 and a.
7
Let t(c) = -81*c + 45. Let p be t(-8). What is the highest common divisor of 63 and p?
63
Suppose 4*u + q - 1235 = 0, -u - 5*q + 485 = 162. What is the greatest common divisor of u and 132?
44
Let x be (-4 - -34)/(12/88). Calculate the greatest common divisor of 44 and x.
44
Suppose -3755*f + 3764*f - 36 = 0. Suppose -2*d + 3*d = 4. Calculate the greatest common factor of d and f.
4
Let t = 336 + -30. Calculate the highest common divisor of t and 18.
18
Suppose -5*b - 56*i + 15250 = -51*i, -2*b + 4*i = -6112. Calculate the highest common divisor of 28 and b.
28
Suppose 5*n - 31 + 16 = 0. Let y be n/6 - (-57)/6. Calculate the highest common factor of y and 90.
10
Let j(b) = -b**3 + 4*b**2 - 3*b - 3. Let i be j(4). Let p be (-40)/i + 3/9. Suppose -4 = -p*o - o. What is the greatest common divisor of 7 and o?
1
Let m(r) = r**3 + 8*r**2 - 9*r - 6. Let i be m(-10). Let d be -2 - 2*i/8. Calculate the greatest common divisor of d and 18.
9
Suppose 3*t = 3*m + 63, 3*t - m = -t + 78. Suppose 7*q - 410 - 654 = 0. Suppose q = 4*b - s, s + 2*s = 0. Calculate the highest common factor of b and t.
19
Let n be 6/3 - 8/(-4). Let g(b) = -12*b - 104. Let d be g(-9). Calculate the greatest common divisor of n and d.
4
Let c(v) = v**2 + 13*v - 11. Let n be c(-14). Suppose -5*m - 80 = -5*r, -n*r - 5*m + 43 = -3*m. Calculate the highest common divisor of 6 and r.
3
Let r(o) be the third derivative of -o**4/12 + 5*o**3/6 + 12*o**2. Let m be r(0). Calculate the greatest common divisor of m and 5.
5
Let u = -27 + -25. Let n = 137 + u. Let r be ((-17)/(-4))/1*4. What is the highest common factor of n and r?
17
Suppose -3*z - 4*y + 81 = -125, -5*z + 324 = -3*y. What is the highest common divisor of z and 12?
6
Let a(p) = -117*p**2 + 359*p + 3. Let g be a(3). Calculate the greatest common factor of 1971 and g.
27
Let r = 123 - -544. Suppose 0 = 3*j - r - 338. Suppose -4*q + q = -4*z - j, 12 = 3*z. Calculate the greatest common divisor of q and 13.
13
Suppose 5*v + 3*m + 41 = 308, -2*v + 109 = -m. Suppose 28*a - 22*a = 0. Suppose a - 9 = -4*c + 3*d, 5 = d. Calculate the highest common divisor of c and v.
6
Suppose -o - 45 = -4*o + 3*n, -3*o - 2*n = -25. Suppose c + 28*t - 101 = 25*t, -2*c + t = -223. Calculate the greatest common factor of o and c.
11
Let n = -796 - -809. Let j(q) = -q**2 - q + 91. Let c be j(0). Calculate the greatest common divisor of n and c.
13
Let t = -3 + -18. Suppose -l + 5*f = l + 18, 2*f - 45 = 5*l. Let q = l - t. What is the greatest common factor of 132 and q?
12
Suppose 0 = 3*w + 10*w - 3211. What is the greatest common factor of w and 13?
13
Let w(d) = -61*d**3 - d**2 + 6. Let v be w(-2). What is the greatest common factor of v and 10?
10
Let y(f) = f + 15. Let g be y(-13). Suppose 3*o - g*o - 49 = -2*t, -4*o = -2*t + 54. What is the greatest common factor of 25 and t?
25
Let x(f) = -f + 3. Let d be x(-4). Let u = d + -4. Suppo